e prime factors of g(1).
2, 103
Suppose -6614 = 12*f - 19706. List the prime factors of f.
1091
Suppose -1543 = -k - 4*l - 558, -k - 2*l + 989 = 0. Suppose 0 = 9*s - k + 30. List the prime factors of s.
107
Let c(q) = -q**3 + 9*q**2 + 5*q + 3. Suppose 6*l = 4*l + 18. List the prime factors of c(l).
2, 3
Suppose 3*o - 78 - 369 = 0. Let k = o + -85. List the prime factors of k.
2
What are the prime factors of ((-684)/20)/((-8)/120)?
3, 19
Let n(z) = z**3 - 2*z**2 + 2*z - 2. Let t be n(2). Suppose -212 = -4*q + 4*p, t*q + 2*p - 140 + 38 = 0. What are the prime factors of q?
2, 13
Let d = 725 + -25. What are the prime factors of d?
2, 5, 7
Suppose -3*r - 3 - 18 = 0. Let p = r + 7. Suppose 4*t - 118 + 38 = p. What are the prime factors of t?
2, 5
Suppose -9 = 3*c - 2*c. Let i = -5 - c. Suppose -42 = -6*d + i*d. What are the prime factors of d?
3, 7
Suppose -3*r = -3*l + 2*r + 31, 3*l - 16 = 2*r. What are the prime factors of 48 + l + (1 - 7)?
2, 11
Suppose -2*s = -4*k + 18, 3*k - 9 - 3 = 0. Let a(g) = 29*g**2 - g. Let c be a(s). Let j = c - 13. What are the prime factors of j?
17
Suppose 12 = -7*b - 9. List the prime factors of (-63)/(2 - 6 - b).
3, 7
Let q(w) = w**2 + 16*w + 17. Let t = 71 + -3. Suppose 50 = -4*y - 0*y - 5*u, -4*y - t = -4*u. List the prime factors of q(y).
2
Suppose -5*d = -4*y + 1434, 4*y + 3*d + 1430 = 8*y. What are the prime factors of y?
2, 89
Let q = -251 - -601. List the prime factors of q.
2, 5, 7
Suppose -j + 10*j = 11673. List the prime factors of j.
1297
Let h = -187 + 250. What are the prime factors of h?
3, 7
Let o(w) = w**3 - 2*w**2 + 14*w + 101. What are the prime factors of o(14)?
3, 883
Let r(u) = u**3 + 3*u**2 + 2*u + 2. Let s be r(-2). Suppose -4*g = 2*b - 410, -s*g + 166 = -4*b - 54. Suppose -5*f + 16 = -g. List the prime factors of f.
2, 3
Let u = 3 + 6. Suppose 0 = -k + 5 - u. List the prime factors of k/26 + (-2471)/(-91).
3
Suppose -5*r - g = 56, -2*g - 4 = 2*g. Let n = r - -14. Suppose 2*i - 32 = 4*l, -n*i - 16 = -4*l - 66. List the prime factors of i.
2, 3
Let l(z) = 32 - 23*z - 26*z + 50*z. What are the prime factors of l(6)?
2, 19
Let w(f) = 7*f**2 - 69*f + 76. What are the prime factors of w(23)?
2, 137
Let o = 523 + -355. Suppose 0 = -2*b - 294 - o. What are the prime factors of b/(-12) - 3/12?
19
Let n = -1741 + 2728. List the prime factors of n.
3, 7, 47
Suppose -2*m + 3*m = 2*m. Suppose -7*j + 4*j + 114 = m. List the prime factors of j.
2, 19
Suppose u - 4*t + 33 = 76, -5*t - 94 = -3*u. Suppose 0 = -0*y - y + u. What are the prime factors of y?
23
Let s(f) = 4*f - 28. Let p be s(15). Let d = -16 + p. What are the prime factors of d?
2
Suppose 339 = 5*y - i - 112, 2*i - 178 = -2*y. Suppose y = u - 39. What are the prime factors of u?
3, 43
Suppose 1885 - 625 = 3*p. Suppose -p = -2*j - 108. What are the prime factors of j?
2, 3, 13
Let t be (-6)/4 + 44/8. Suppose 4*q - 3 = 5*m + 87, 0 = 2*m + t. List the prime factors of q.
2, 5
What are the prime factors of 334/(10/(-605)*-11)?
11, 167
Let r = -3 + 8. Suppose -r*j + 4*j - 4*q = 8, -2*j = 2*q - 8. Suppose -j*g + 3*g = -225. List the prime factors of g.
3, 5
Let f(x) = 75*x - 29. What are the prime factors of f(11)?
2, 199
Let f = -25 - -678. List the prime factors of f.
653
Let p = 74 - 70. Suppose -p*z + 540 = n, 5*z + 6*n - 672 = 4*n. What are the prime factors of z?
2, 17
Let n = 924 + -537. Suppose j - n = -2*r, -3*r - 6*j + 585 = -3*j. List the prime factors of r.
2, 3
Suppose -7*y - 5*i - 2566 = -10*y, 0 = -3*i - 15. Suppose 5*g - 183 - y = 0. What are the prime factors of g?
2, 103
Suppose 16 = 4*i - 4. Let d = i - 1. Suppose -4*y + 53 = 4*c - 3*c, -c = -d*y + 51. List the prime factors of y.
13
Let z = 6629 + -3527. What are the prime factors of z?
2, 3, 11, 47
Suppose -20 = 4*l - 5*l + 5*t, 0 = -l - t + 2. Suppose 0 = -l*b + 5*f + 680, -3*f + 10 = -f. Suppose -b = -2*n + 3. What are the prime factors of n?
2, 3
Suppose 0 = -35*l + 43*l - 15936. What are the prime factors of l?
2, 3, 83
Let d(j) = 3*j**2 - 33*j + 157. List the prime factors of d(17).
463
Let c = -3 + -2. Suppose -190 - 18 = -16*m. Let j = c + m. List the prime factors of j.
2
List the prime factors of 1154*(189/18)/7.
3, 577
Let p(a) = -8*a**2 - a - 2*a**3 - 6 - a - 6*a + 1. Let k be p(-5). Suppose -5*d + k = -4*g - 18, 15 = 5*g. What are the prime factors of d?
23
Let n be 5/(244/60 + -4). Let k = 106 - n. Suppose k = -3*u + 196. What are the prime factors of u?
5, 11
Suppose -1604 - 884 = -8*b. List the prime factors of b.
311
Let g = 582 + -233. Suppose 5*y = 4*v + 2*y - g, -2*v + 173 = -y. List the prime factors of v.
5, 17
Suppose 10 = -4*w - w. Let t be ((-22)/6)/((18 - 0)/54). List the prime factors of 2/w*2*t.
2, 11
Suppose -w = -5*w - h - 416, -h + 4 = 0. List the prime factors of (-10)/3*(-1)/((-5)/w).
2, 5, 7
Suppose 3*t = 4*f + 3500, -56*f + 59*f + 5837 = 5*t. List the prime factors of t.
2, 73
Let r(v) = -v**2 + 12*v + 18. Suppose 3*x + 0*x - 39 = 0. What are the prime factors of r(x)?
5
Let g = -19 + 20. Let i = -9 + 3. List the prime factors of (-343)/i - g/6.
3, 19
Suppose -u + 84 - 76 = 0. Suppose -u*p + 1410 = 426. List the prime factors of p.
3, 41
Suppose -382 + 3294 = 7*c. List the prime factors of c.
2, 13
Suppose -2*c + 5*x + 1185 = -840, -c + 1000 = -5*x. List the prime factors of c.
5, 41
Suppose 9*j = 5957 + 703. What are the prime factors of j?
2, 5, 37
Let t(f) = -f**2 - f - 8. Let j be t(0). Let u be j/(-36) - 21/(-27). Let z = u - -17. What are the prime factors of z?
2, 3
Let t(n) = 10*n - 59*n - 5 - 5. List the prime factors of t(-2).
2, 11
Suppose -15*z = -8*z - 35. List the prime factors of 1077/z - (3 - 52/20).
5, 43
Suppose -18 = -5*u - 8. Suppose p - 31 = 5*m, 2*p - 71 = u*m - 1. What are the prime factors of p?
2, 3
Suppose 5*n - 490 = -5*l, l = -7*n + 12*n - 496. List the prime factors of n.
3, 11
Suppose 20 = -4*i, -5*b + 1756 = -3*i - 2394. What are the prime factors of b?
827
Suppose 0 = 3*p - 13 + 4. What are the prime factors of p/(-6)*(-25 + -1)?
13
Let c = -10 - -14. Suppose 4*f - 14 = -5*z, 0*f + 4 = c*z - 4*f. Suppose 2*w + 7*t - z*t - 71 = 0, -4*t + 12 = 0. What are the prime factors of w?
2, 7
Let l = 36 - 29. Suppose l*m + 1505 = 12*m. List the prime factors of m.
7, 43
Suppose -14777 = -8*p + 19703. List the prime factors of p.
2, 5, 431
Let s = 73 - 70. Suppose -o = -6 + s, -g = -o - 46. What are the prime factors of g?
7
Let o = 1225 - -166. What are the prime factors of o?
13, 107
Let a = -21 - -23. Let q(d) = d - 7*d + d**3 + 1 + a. List the prime factors of q(4).
43
Let l(q) = q**3 + 4*q**2 - 11*q - 9. Let k be l(-6). What are the prime factors of (-17024)/(-120) + -3 + (-2)/k?
139
Let u(y) = 7*y**2 + 4*y - 17. Let c be u(7). Suppose 5*a - c - 11 = 0. What are the prime factors of a?
73
Let u(d) = -12*d**2 - 4*d + 41. Let l(k) = 3*k**2 + k - 10. Let j(n) = 9*l(n) + 2*u(n). List the prime factors of j(-4).
2, 3
Let q(o) = 5*o + 19. Let l be ((-1)/(-2))/((-51)/(-24) + -2). List the prime factors of q(l).
3, 13
Let w(p) = -p**2 - 6*p - 6. Let c be w(-4). Suppose k + 5*t + 9 = 0, -2*t = c*k - t. Suppose -3*r + 37 = k. List the prime factors of r.
2, 3
Let i(t) = 87*t - 6. Let l be 7/2*(-16)/(-28). List the prime factors of i(l).
2, 3, 7
Let r be (-3)/(-12)*-2*0. Suppose 0 = a - 5*a + 12. Suppose -2*n = o - 5*n - 11, r = -a*n. List the prime factors of o.
11
Suppose -13*z = -21*z + 6144. List the prime factors of z.
2, 3
Let z(b) = 6*b - 8. List the prime factors of z(37).
2, 107
Let l = 1116 - 534. What are the prime factors of l?
2, 3, 97
Let u(w) = -6*w + 3*w**2 - 2*w + 5*w - 4*w**2 - 8. Let i be u(-7). What are the prime factors of (-1540)/i + 4/18?
43
Let v = 9 - 16. Let g(y) = y**3 + 8*y**2 + 4*y + 7. List the prime factors of g(v).
2, 7
Let s = -1103 - -2297. List the prime factors of s.
2, 3, 199
Suppose 0 = 4*d + 5*s - 2496, d = 2*s + 2*s + 645. What are the prime factors of d?
17, 37
Suppose f = 3*m, -4*f = -m + 6*m - 68. Suppose 6*o + 120 = f*o. List the prime factors of o.
2, 5
Let t(v) = -v**3 - 2*v**2 + v - 4. Let r be t(-3). Suppose r*p + 92 = -2*d, -3*d + p - 13 - 137 = 0. Let q = d - -84. What are the prime factors of q?
5, 7
Suppose -5*i - 17 = -202. Let y = i - -60. List the prime factors of y.
97
Sup